{"id":98,"date":"2022-05-12T21:31:08","date_gmt":"2022-05-12T19:31:08","guid":{"rendered":"http:\/\/emiliejavourez-psychologue.com\/?page_id=98"},"modified":"2025-03-14T08:27:03","modified_gmt":"2025-03-14T07:27:03","slug":"geriatrie","status":"publish","type":"page","link":"https:\/\/emiliejavourez-psychologue.com\/index.php\/le-nouveau-e-mucem-ouvre-ses-portes-2\/geriatrie\/","title":{"rendered":"G\u00e9riatrie"},"content":{"rendered":"\n<p class=\"has-text-align-center\">Il est des temps \u00e9prouvants, o\u00f9 les fragilit\u00e9s sont mises \u00e0 nues, il est des temps de vieillissement.&nbsp;&nbsp;<\/p>\n\n\n\n<p class=\"has-text-align-center\">Chaque individu incarne son r\u00e9cit de vie, et le tr\u00e8s \u00e2g\u00e9 dans son retour \u00e0 l\u2019intime touche \u00e0 ses couches les plus profondes et il montre combien son \u00e2me est profond\u00e9ment ancr\u00e9e dans son histoire.&nbsp;<\/p>\n\n\n\n<p class=\"has-text-align-center\">En avan\u00e7ant dans l\u2019\u00e2ge, certains conna\u00eetront la maladie, les troubles de la m\u00e9moire, du corps qui troublent autant le malade que l\u2019entourage. A un \u00e2ge o\u00f9 on vit avec soi-m\u00eame depuis tant d\u2019ann\u00e9es, l\u2019arriv\u00e9e des d\u00e9s\u00e9quilibres neuronaux affecte une qu\u00eate identitaire qu\u2019on pensait ancr\u00e9e.&nbsp;<\/p>\n\n\n\n<p class=\"has-text-align-center\">Les maladies neurod\u00e9g\u00e9n\u00e9ratives, les troubles, les d\u00e9mences\u2026peu importe leurs noms peu importe les r\u00e9ponses qu\u2019on met en place&nbsp;; entrevoir l\u2019individu derri\u00e8re la pathologie, voir ce qui malgr\u00e9 tout continue de vibrer, voir ce qui anime l\u2019\u00e2me jusqu\u2019au bout.&nbsp;<\/p>\n\n\n\n<p class=\"has-text-align-center\">J\u2019accompagne dans l\u2019avanc\u00e9e en \u00e2ge, l\u00e0 o\u00f9 parfois il est difficile de porter un regard sur le v\u00e9cu, prendre soin des \u00e9prouv\u00e9es qui \u00e9mergent, mettre en lumi\u00e8re ce qui reste en vie au creux de chacun. La d\u00e9pression, la tristesse, l\u2019anxi\u00e9t\u00e9 sont courantes chez la personne \u00e2g\u00e9e, et parfois viennent surprendre ou prendre une dimension nouvelle dans la vie.&nbsp;<\/p>\n\n\n\n<p class=\"has-text-align-center\">J\u2019accompagne dans les fragilit\u00e9s de la m\u00e9moire, de la sph\u00e8re cognitive, de la temporalit\u00e9 quand la personne vit dans un monde qu\u2019elle ne comprend plus et qui ne la comprend plus. Quand la d\u00e9pendance \u00e0 l\u2019autre devient in\u00e9vitable, la personne \u00e2g\u00e9e peine \u00e0 exprimer ses besoins fondamentaux. Elle peut alors \u00eatre amen\u00e9e \u00e0 crier, s\u2019agiter, d\u00e9ambuler ou renoncer.&nbsp;<\/p>\n\n\n<p class=\"fonts-plugin-block \" style=\"font-family: quimby-gubernatorial;font-weight: normal;text-align: center\">J\u2019accompagne \u00e0 l\u2019aube de la mort, quand la flamme du corps t\u00e9moigne qu\u2019elle va s\u2019\u00e9teindre, pour jusqu\u2019au bout soutenir la vie.&nbsp;<\/p>\n\n\n<p class=\"has-text-align-center\"><\/p>\n","protected":false},"excerpt":{"rendered":"<p>Il est des temps \u00e9prouvants, o\u00f9 les fragilit\u00e9s sont mises \u00e0 nues, il est des temps de vieillissement.&nbsp;&nbsp; Chaque individu incarne son r\u00e9cit de vie, et le tr\u00e8s \u00e2g\u00e9 dans son retour \u00e0 l\u2019intime touche \u00e0 ses couches les plus profondes et il montre combien son \u00e2me est profond\u00e9ment ancr\u00e9e dans son histoire.&nbsp; En avan\u00e7ant&hellip;<\/p>\n","protected":false},"author":1,"featured_media":58,"parent":18,"menu_order":0,"comment_status":"closed","ping_status":"closed","template":"templates\/template-cover.php","meta":{"footnotes":""},"class_list":["post-98","page","type-page","status-publish","has-post-thumbnail","hentry"],"_links":{"self":[{"href":"https:\/\/emiliejavourez-psychologue.com\/index.php\/wp-json\/wp\/v2\/pages\/98","targetHints":{"allow":["GET"]}}],"collection":[{"href":"https:\/\/emiliejavourez-psychologue.com\/index.php\/wp-json\/wp\/v2\/pages"}],"about":[{"href":"https:\/\/emiliejavourez-psychologue.com\/index.php\/wp-json\/wp\/v2\/types\/page"}],"author":[{"embeddable":true,"href":"https:\/\/emiliejavourez-psychologue.com\/index.php\/wp-json\/wp\/v2\/users\/1"}],"replies":[{"embeddable":true,"href":"https:\/\/emiliejavourez-psychologue.com\/index.php\/wp-json\/wp\/v2\/comments?post=98"}],"version-history":[{"count":4,"href":"https:\/\/emiliejavourez-psychologue.com\/index.php\/wp-json\/wp\/v2\/pages\/98\/revisions"}],"predecessor-version":[{"id":283,"href":"https:\/\/emiliejavourez-psychologue.com\/index.php\/wp-json\/wp\/v2\/pages\/98\/revisions\/283"}],"up":[{"embeddable":true,"href":"https:\/\/emiliejavourez-psychologue.com\/index.php\/wp-json\/wp\/v2\/pages\/18"}],"wp:featuredmedia":[{"embeddable":true,"href":"https:\/\/emiliejavourez-psychologue.com\/index.php\/wp-json\/wp\/v2\/media\/58"}],"wp:attachment":[{"href":"https:\/\/emiliejavourez-psychologue.com\/index.php\/wp-json\/wp\/v2\/media?parent=98"}],"curies":[{"name":"wp","href":"https:\/\/api.w.org\/{rel}","templated":true}]}}